ose -2*z = -3*z + 30. Suppose 4*u = 2*u - z. Let v = 24 + u. Calculate the remainder when 26 is divided by v.
8
Suppose 2*f = 2*k + 2, -5*k + 41 = f + 10. Calculate the remainder when 7 is divided by f.
1
Suppose 0 = 8*l - 10*l - 46. Suppose 21 + 17 = d. Let x = d + l. Calculate the remainder when x is divided by 8.
7
Let t(l) = 20*l - 2. Calculate the remainder when t(3) is divided by 20.
18
Let h(v) = v**3 - v**2 + 46. Let j(n) = n**3 - 10*n**2 + 13*n - 12. Calculate the remainder when h(0) is divided by j(9).
22
Suppose d - 41 + 3 = 0. Calculate the remainder when 150 is divided by d.
36
Let l be ((-6)/(-8))/((-1)/(-20)). Let j = 52 - l. Let b = -14 + j. Calculate the remainder when 45 is divided by b.
22
Let j = 34 + -24. Suppose 3 - j = -m. What is the remainder when 19 is divided by m?
5
Suppose -2*z - 2*z = -8. Let j = -2 - -4. What is the remainder when j is divided by z?
0
Suppose -j + 2*t - 3 = 0, -5*j + 5*t + 5 + 0 = 0. Suppose p + 31 + 16 = j*r, -2*r = 5*p - 8. Calculate the remainder when r is divided by 4.
1
Suppose 3*p - 8*p = 0. Let x = p + 0. Suppose 31 = 2*v + 5*y, 4*v + x*y + 3 = 3*y. What is the remainder when v is divided by 2?
1
Let v = 25 - 16. What is the remainder when v is divided by 7?
2
Suppose -7*p + l = -2*p + 126, -4*p - 101 = -l. Calculate the remainder when (-15)/p - (-276)/15 is divided by 11.
8
Suppose -27 = -3*h - 3*s, 5*h + 6 = 7*h - 4*s. Suppose 3*t + 4*z = t - 12, -t - z - 6 = 0. Calculate the remainder when (-74)/t + 1/(-3) is divided by h.
5
Let a = -36 - -94. Suppose -3*q + 41 + a = 0. Calculate the remainder when 96 is divided by q.
30
Suppose -52*w + 144 = -49*w. Calculate the remainder when w is divided by 15.
3
Let u(p) = -p**2 - 6*p - 5. Let h be u(-4). Suppose 0*m + 27 = h*m. Calculate the remainder when 16 is divided by m.
7
Suppose 17 = -2*v + j + 72, 3*v - j = 80. Suppose -2*b = -3*b. Suppose b = 2*n - 4*u - 30, -2*u = 4*n + v - 75. What is the remainder when 24 is divided by n?
11
Suppose 4*g - 7 = 1. Suppose 0 = -4*x - 5 + 17. Suppose 0 = x*d + 6, 6*n = n - 4*d - 3. Calculate the remainder when g is divided by n.
0
Suppose 34*n - 37*n = -9. What is the remainder when 77 is divided by n?
2
Let z(g) = -5*g. Let u(k) = -4*k. Let x(h) = 4*u(h) - 3*z(h). Let d be x(-5). Let a = 16 - d. What is the remainder when 21 is divided by a?
10
Let l be (-4 + 1)/(24/(-16)). Suppose l + 12 = 2*f. Calculate the remainder when 11 is divided by f.
4
Suppose 0*n = 3*w - 2*n - 156, 0 = -3*n. Calculate the remainder when w is divided by 11.
8
Suppose -4*k + 240 = -4*i, 5*k = -0*i + 3*i + 292. Let a = k + 22. Calculate the remainder when a is divided by 27.
24
Suppose -24 = 3*v - 51. What is the remainder when 17 is divided by v?
8
Let r(c) = -c - 1. What is the remainder when r(-7) is divided by 3?
0
Suppose -2*p + 31 = 3*g - 10, 3*g = 2*p - 47. What is the remainder when p is divided by 6?
4
Let g(a) = -a**3 - 10*a**2 - 9*a + 10. Let s be g(-9). Let n = 30 - s. What is the remainder when 58 is divided by n?
18
Let v = 201 - 99. Calculate the remainder when v is divided by 36.
30
What is the remainder when 44 is divided by (1 - (-162)/(-24))/((-1)/4)?
21
Suppose 0 = -5*g - 0*g + 40. Let l(o) = -o**2 - 5*o. Let u be l(-5). Suppose u = 3*m + 2 - 11. What is the remainder when g is divided by m?
2
What is the remainder when 44/(-33)*(-8 - 1) is divided by 5?
2
Let v(n) = -172 + 2*n + 172. Calculate the remainder when 13 is divided by v(2).
1
Let q(k) = 76*k - 8. Calculate the remainder when q(2) is divided by 49.
46
Suppose -6*o = 7*o - 416. What is the remainder when o is divided by 1 - (2 - -8)/(-1)?
10
Suppose 0 = 6*t - t - 35. Let g(c) = -3*c + 4. What is the remainder when g(-3) is divided by t?
6
Suppose -n + 0 = -3. Suppose -2*d = d + n. Let x(f) = 12*f**2 - f - 1. Calculate the remainder when 22 is divided by x(d).
10
Let b be 16/6*(-45)/(-4). Suppose -5*t + 15 = -p, 0*t - b = -2*p - 2*t. What is the remainder when 18 is divided by p?
8
Suppose 19 + 85 = -4*z. Let a = -39 + 18. What is the remainder when 11 is divided by (-6)/a - z/7?
3
Let v be -1 - (-106)/10 - 8/(-20). Let x(k) = 1 - 3 - 1 + 4*k. Calculate the remainder when x(v) is divided by 13.
11
Suppose 0*g - 20 = -4*g + 2*u, -3*g + 3*u = -21. Suppose 62 = 5*f + 22. What is the remainder when f is divided by g?
2
Let z(f) = -f**2 - 12*f. Let p be -15 - -6 - (0 - -1). Let j(l) = -l**2 + l + 11. What is the remainder when z(p) is divided by j(0)?
9
Let m(z) = -z + 8. Let t be m(0). Suppose 0 = -j - j + t. Suppose j*v - 29 = 5*k, 0 = -v - 0*v - k + 14. Calculate the remainder when 21 is divided by v.
10
Let v be 3*(-1 - (-3 - 0)). Suppose 4*q = 2*q + v. Suppose q*a - 44 = -0*a - p, 0 = a + 2*p - 23. What is the remainder when a is divided by 4?
1
Suppose 5*w - 15 = 0, 3*d - 4*w + 12 = -0*w. Suppose -r = -d*r - 11. Suppose -1 = f, -3*h + 2*f - 4*f + 10 = 0. Calculate the remainder when r is divided by h.
3
Suppose 5*a = 4*x - 0*x + 46, -5*a + 5*x + 50 = 0. Let o(i) = i**3 + 15*i**2 + 36*i + 9. Calculate the remainder when o(-12) is divided by a.
3
Suppose 4*r - 4*a - 24 = 0, 4*r - a - 18 = -0*a. Suppose -4*k + 6 = s, -2*k - 46 + r = -2*s. What is the remainder when 51 is divided by s?
15
Let t(c) = -c**2 + 13*c - 12. What is the remainder when 59 is divided by t(7)?
29
Let m be 4/(-8)*(-6 + 2). Suppose -r - 2*d - 113 = -6*r, -m*d = 4*r - 94. Calculate the remainder when r is divided by 8.
7
Suppose 2*d = 5*u - 13, -3*d - 3*u + 12 = -21. Suppose -3*a + 11 = 2*c, 5*c - 4 = 3*a - 8. What is the remainder when d is divided by a?
0
Suppose 613 = 5*y - 2*n, 0*y + n - 370 = -3*y. Calculate the remainder when y is divided by 25.
23
Let y = 30 + -20. Let s be (-2)/(y/(-6) + 1). Calculate the remainder when 38 is divided by (2 - 1) + 4*s.
12
Suppose m - 4*m + 45 = 0. What is the remainder when 103 is divided by m?
13
Let m be (18/4)/((-15)/(-20)). What is the remainder when 668/24 - (-1)/m is divided by 10?
8
What is the remainder when 63 is divided by 8*(-6 - -4)*-1?
15
Let c be -8 + 1 + 2 + 1. Let w = -9 + c. Calculate the remainder when 24 is divided by 1/(1/w*-1).
11
Suppose -7*v = -4*v - 75. What is the remainder when 98 is divided by v?
23
Calculate the remainder when (-115)/(-2) + (-12)/8 is divided by 12.
8
Let z(x) = -7*x**3 + 5*x**2 - 4*x + 9. Let k(m) = 15*m**3 - 10*m**2 + 8*m - 19. Let q(c) = -6*k(c) - 13*z(c). What is the remainder when q(6) is divided by 15?
12
Calculate the remainder when 0 + 5/(5/6) is divided by 1/(-2) - 18/(-4).
2
Suppose -2*j + 1 + 57 = 0. Calculate the remainder when 113 is divided by j.
26
Suppose -44 - 55 = -9*s. Calculate the remainder when 76 is divided by s.
10
Suppose 7 + 9 = -2*i + 4*v, 2*i = 5*v - 16. Let u be (-356)/16 - 2/i. Let h = u - -32. What is the remainder when h is divided by 6?
4
Suppose 0 = r - 5 - 2. Let g(x) = x**3 - 5*x**2 + 4*x + 3. Let a be g(4). Calculate the remainder when (-6)/(-4)*38/a is divided by r.
5
Suppose -b + 20 = 3*b. Suppose -h = h + 4*a - 12, -5*h - b*a = -35. Suppose -55 = -4*n + 5*l, 4*l + 1 = 5. Calculate the remainder when n is divided by h.
7
Suppose c = 2*c - 23. Calculate the remainder when 44 is divided by c.
21
What is the remainder when (1 + -4)/9*(-5 - 181) is divided by 23?
16
Let t(f) = -f**2 + 4*f + 3. Let j be ((-12)/9)/(2/(-6)). Calculate the remainder when 5 is divided by t(j).
2
Suppose -15 = -3*l, 4*i - 121 = -2*l - 27. What is the remainder when i is divided by 34/(-85) + 2*(-57)/(-10)?
10
Suppose 0*x - 3*q = 2*x - 11, -8 = 4*x - 4*q. Suppose -b - 3*s + 0 - 13 = 0, -25 = 5*s. Calculate the remainder when b is divided by x.
0
Let z(i) = 2*i + 10. What is the remainder when 66 is divided by z(2)?
10
Let f(w) = w - 4. Let z be f(4). Suppose -3*s + 1 + 5 = z. Suppose 84 = s*a - 4*o, -4*o + 124 = a + a. Calculate the remainder when a is divided by 18.
16
Suppose -p - 5*s + 23 = 0, -156 = -4*p + 2*s + 2. Suppose p = 5*o - 17. Calculate the remainder when (-1)/1*4*-5 is divided by o.
9
Let d(m) = -m + 14. Let i be d(10). Let r(a) = 2*a**2 - 5*a - 1. Calculate the remainder when 31 is divided by r(i).
9
Let x be (-6)/(-12)*(172 - 0). Suppose 3*s = x + 16. Calculate the remainder when s is divided by 9.
7
Let g = 17 - -18. Let p = 24 - 15. What is the remainder when g is di